et b = -3 - -6. Let k(y) be the first derivative of y**3/6 + y**2 - y + 2. Let a(q) be the first derivative of k(q). Determine a(b).
5
Let m(k) = k**3 - k**2 - k - 3. Let l be (0/(-1))/(3 - 1). Let r be m(l). Let o be r + (4*3)/3. Let g(d) = -d**3 + d**2 - 1. What is g(o)?
-1
Let j = 11 + -8. Let u = j - 5. Let n(q) be the third derivative of q**5/60 + q**4/6 - q**3/6 + 5*q**2. What is n(u)?
-5
Let n(h) be the second derivative of h**4/12 + h**3 - 3*h**2/2 + 3*h. Let c be n(-7). Let j be 4 + -3 + c + -1. Let b(w) = -w + 5. Give b(j).
1
Let i(c) be the first derivative of -4 - 1/4*c**4 + 2*c + 4/3*c**3 + 2*c**2. Suppose w = 2*u + 4*w + 2, -5*w = 4*u. Give i(u).
-3
Let m be 0 + -2*(-1)/2. Let i(j) be the first derivative of -j**2/2 + 21. What is i(m)?
-1
Let i(t) = 5*t**3 + 19*t**2 - 23. Let s(q) = 2*q**3 + 9*q**2 - 11. Let c(p) = 3*i(p) - 7*s(p). Give c(6).
8
Let q(p) = p**3 - 6*p**2 + p. Let h be 2*(3/6 - 1). Let m be 7 + h + 2 + -2. Give q(m).
6
Let c(k) = k**3 - 3*k**2 - 3*k + 6. Let j = 3 - -1. Give c(j).
10
Let d(w) = -4*w - 3*w**2 - 3 + 2 - 4*w + 4*w**2. What is d(7)?
-8
Let d(o) = -2*o**3 + o**2. Let t = -797 - 1. Let r be (-2)/7 + t/(-49). Suppose -5*b = -4*w + 13 + 5, -5*b - r = -3*w. Calculate d(w).
-12
Let p(f) = -4*f**2 - 2. Let r(a) be the second derivative of -1/6*a**3 + 0 + 0*a**2 + 1/12*a**4 + 2*a. Let m(i) = p(i) + 5*r(i). What is m(4)?
-6
Let c(i) = -i**3 + i**2 + i + 1. Let v be c(-1). Let b(s) = 4*s. Let g(y) = y. Let f(l) = v*b(l) - 2*g(l). Calculate f(1).
6
Let k be (-5)/10 - (-2)/4. Suppose -3*p = 2*b - p + 2, 5*p + 19 = 2*b. Suppose -b = 2*z - k. Let x(g) = -4*g**3 + 2*g**2 - 1. Calculate x(z).
5
Let p(g) = -g + 4. Let z(i) = i**2 - 1. Let h be z(-2). Suppose h*c + 0*c = 33. Let o = 7 - c. What is p(o)?
8
Let c be (11/22)/((-1)/6). Let v(t) = t**3 + 3*t**2 + t + 3. What is v(c)?
0
Suppose -n = -2*n. Let f(w) = -w**2 + w + 8. Let g be f(0). Let y(o) = g + o + 0*o + 2*o - 2*o. Calculate y(n).
8
Let l(f) = -2*f**3 + f. Suppose 184 = -4*n + 192. Calculate l(n).
-14
Let p(i) = -9 - 7*i - i**2 + 2 + 0*i**2. Let b be 6/(-4) - (-5)/2. Suppose -2*u - 11 + b = 0. Calculate p(u).
3
Let j(w) = -w**2 - 5*w + 4. Let l be (-14)/(-77) - 68/11. Give j(l).
-2
Suppose 10 = -0*h - 2*h. Let q(a) = 2*a - 3. Let u(d) = 3*d - 4. Let p(m) = -7*q(m) + 5*u(m). What is p(h)?
-4
Suppose 2*v - 3*v = 0. Let m = v + 3. Let f(c) = -m*c**2 + 5*c + c**3 - 4*c**2 - c**2 + c**2. Calculate f(6).
-6
Let a(c) be the first derivative of -4/3*c**3 + 1/2*c**2 - 1 + 1/4*c**4 - 3*c. Calculate a(4).
1
Suppose -3*p = -8*p - 15. Let a(q) = q**2 - 2*q. What is a(p)?
15
Let z(d) = 0 + d**2 + 1 - 2 - 3*d. Let y(g) = g**2 - 4*g. Let b(w) = 2*w**2 - 7*w - 1. Let j(n) = 3*b(n) - 5*y(n). Let t be j(3). What is z(t)?
-1
Let z(f) be the first derivative of -f**3/3 + 7*f**2/2 - 6*f + 20. Suppose 38 = 5*a + 2*j, 2*j + 10 = -2*a + 5*a. Give z(a).
0
Suppose y - 8 = -3*v, -5*y = -3*y + 2*v - 12. Let t(l) = 5*l - 8 - 2*l + 0 + y. Give t(4).
9
Let h = -3 + 2. Let d(y) = -8*y**2 - 1. Determine d(h).
-9
Let j(d) = 44*d**2 + 5 - 45*d**2 + 2*d - 2*d. What is j(0)?
5
Let g(m) = 3*m**3 + 3*m**2 - m - 1. Let z be g(1). Let h(c) be the second derivative of 5/6*c**3 + 0*c**2 + 1/12*c**z - 4*c + 0. What is h(-4)?
-4
Let r(a) = 20*a**2 + 14*a + 17. Let d(c) = -7*c**2 - 5*c - 6. Let s(u) = 17*d(u) + 6*r(u). Calculate s(0).
0
Let d = 26 - 32. Let f(t) = -5*t - 4. What is f(d)?
26
Let x(g) = g**2 + 10*g + 18. Let c be x(-8). Let r(s) be the first derivative of -c + 1/3*s**3 - 4*s + 3*s**2. Calculate r(-5).
-9
Let p(j) = -6*j. Suppose 0 = -2*h + 2 + 2. Suppose w - 1 = h*w. Give p(w).
6
Let y(g) = -2*g - 6. Let s(w) be the first derivative of -w - 4. Let h(z) = -2*s(z) + y(z). Determine h(-5).
6
Let l(j) = -j**2 - j + 3. Suppose d = 2*d - h + 6, -5*h + 5 = 0. Give l(d).
-17
Let a(f) = -f**3 + f. Let d(r) = 6*r**3 + 3*r**2 - 10*r - 4. Let x(k) = 5*a(k) + d(k). Let q = 5 - 9. Calculate x(q).
0
Let z(w) = -w**2 - 6 - 8*w + w + 3 + 5. Calculate z(-7).
2
Let y(l) be the first derivative of -l**2/2 - 5. Let r = 2 - 5. Calculate y(r).
3
Suppose 15 = 6*h - h. Let k(r) = 1 + 3*r**2 + r - r**h + 0 - 3*r. Let n = -2 + 5. What is k(n)?
-5
Let d(u) be the second derivative of u**3/6 + 5*u**2/2 + 16*u. Determine d(-7).
-2
Let y = -3 - -5. Suppose 65 = 7*o - y*o. Suppose 4*t + o = -3. Let j(w) = w**3 + 5*w**2 + 6*w + 4. Give j(t).
-4
Let x(v) be the third derivative of v**4/24 - v**3/3 + 26*v**2. Give x(1).
-1
Let c(z) be the second derivative of -z**5/10 + z**4/6 + z**3/6 + z**2 - z. Let o be (4/5)/((-8)/(-20)). What is c(o)?
-4
Suppose -4*v = b - 3*v + 2, 5*b + v + 22 = 0. Let d(z) = z**3 + 5*z**2 + z + 1. Calculate d(b).
-4
Let z(l) = l**2 - 7*l + 6. Let h(y) = -2*y**3 - 2*y**2 + 2*y + 2. Let v be h(-2). Calculate z(v).
0
Let l(q) = q - 10. Let f be l(12). Let d(j) = -j**3 + 4*j**2 + 2*j - 2. Give d(f).
10
Let o(y) = y**2 - y - 3. Let f(p) = -p**2 + p + 4. Let t(r) = 4*f(r) + 3*o(r). Calculate t(0).
7
Let u(n) = -n**3 + 3*n**2 + 6*n - 5. Let a be 6 + 0 + -4 + 2. What is u(a)?
3
Let a be 5/1 + (-2 - -4). Let c(s) = -s + a*s**2 + s**2 + s**3 - 3*s - 3 - 7*s**2. Give c(-2).
1
Let r = -8 + 11. Let x(i) = 3 - 4 + 1 - 4*i**r. What is x(-1)?
4
Let l(h) be the first derivative of 2*h**3/3 + 3*h**2/2 + 3*h + 1. Suppose 5*k - 2*c = -4, 3*k - 5*c = -3*c. Determine l(k).
5
Let c(i) be the second derivative of -i**5/20 + i**4/3 - i**3/6 - 5*i. Suppose -4*f = 2*t - 8, t = 4*t - 2*f - 4. Calculate c(t).
6
Let h(d) be the first derivative of d**4/2 + 2*d**3/3 - d + 1. Let i(x) = -x**2 - 14*x - 2. Let y = -29 - -15. Let v be i(y). Give h(v).
-9
Suppose -9 = v - 3*m - 1, v - 12 = -2*m. Suppose 3*w - f = -15 + 5, w = v*f + 15. Let k(l) = l + 6. Calculate k(w).
1
Let c(x) be the first derivative of -x**3/3 - x**2/2 + 16*x - 4. Let a(h) = h - 7. Let v be a(7). Give c(v).
16
Let x(a) = -a**2 + 4*a - 5. Let v(s) = -s**2 - 10*s + 4. Let p be v(-10). Suppose p*i - 39 = -3. Let u = i - 5. Determine x(u).
-5
Let r(t) = -t + 3*t**3 + 0*t - 2*t**3. Suppose 0 = 5*g - 0*g - 25. Let z be ((-4)/5)/((-2)/g). Calculate r(z).
6
Let t(r) be the third derivative of -1/60*r**5 - 5*r**2 + 1/4*r**4 + 0 + 0*r + 2/3*r**3. Calculate t(4).
12
Let a(y) = 0*y + 6*y + 1 + 1 + y**2. Let o = -16 - -20. Let w be (18/o)/3*-4. Determine a(w).
2
Suppose 4*g - 4 = -4*t, 7*g - 4*t = 3*g - 28. Let y(p) = -2*p. Let d(a) be the second derivative of a**3 + a. Let c(m) = -2*d(m) - 7*y(m). What is c(g)?
-6
Let a = 2 + -1. Let q(o) be the second derivative of 7*o**4/12 + o**3/6 - o**2/2 + 10*o. Determine q(a).
7
Let w(s) be the second derivative of -s**6/360 - s**5/30 + s**4/24 + s**3/6 + 2*s. Let n(i) be the second derivative of w(i). Give n(-3).
4
Let s(z) = -5*z**2 - 1 - 2*z + 5*z**2 - z**2. Let b(q) = -q - 3. Let m be b(0). Calculate s(m).
-4
Suppose 7*p = 3*p + 4. Let l(c) = -5*c**3 + c. Give l(p).
-4
Let s(p) = -p**3 + 5*p**2 - 2*p + 3. Let z(f) = -f + 18. Let r be z(13). Determine s(r).
-7
Suppose -4*g - g - 20 = 0. Let z(j) = 3*j - 2. Determine z(g).
-14
Let t(p) = 0*p**2 - 3*p**2 + 1 + 5*p**2 - p**2 - 2*p. What is t(-2)?
9
Let h(i) be the second derivative of i**3/2 + 3*i**2/2 + 8*i. Determine h(4).
15
Suppose -5*h = 5*v + 10, 3*v + 6*h - 4*h + 2 = 0. Let o(x) = 6 + 5*x + v + x**2 - 4. Calculate o(-5).
4
Let q(t) = -5*t**2 + t. Let b be -18*(-5)/(45/6). Let r be (-18)/b - 10/(-4). Let n be r/1 + (0 - 0). What is q(n)?
-4
Let n(b) be the third derivative of b**5/60 - b**4/3 - 7*b**3/6 - 6*b**2. Calculate n(8).
-7
Suppose -2*r = r. Let g(b) = r*b**2 + b + 0*b**3 + 5*b**3 - 2*b**2. Suppose -6*k + 8*k = 2. Calculate g(k).
4
Suppose 22 = -2*j + 82. Suppose 0 = -5*f + 5*g + j, 5*g + 18 + 0 = f. Let s(u) = -2*u**3 - 1 + 3*u**2 - u**3 + 4*u**f - u. Determine s(-3).
2
Let a(s) = -s**2 - 5*s - 3. Suppose 6*f - 8 = -26. Give a(f).
3
Let t(i) = -2*i**3 - 2*i**3 - 113 + 111 + 3*i**3. Give t(-2).
6
Let d = 1 + 1. Let x(n) = -6*n**2 - 2*n - 3 - 4*n**2 + 4*n**2 - n**3 + 4*n**d. What is x(-2)?
1
Suppose -5*y = -4*j + 30, 2*y - 4*j - j + 29 = 0. Let t(k) be the third derivative of -k**5/30 + k**4/12 + k**3/2 + k**2. What is t(y)?
-9
Let x(a) = -6*a - 8. Let c(t) = 2*t + 3. Let z(l) = -7*c(l) - 2*x(l). Suppose 0 = -w + 2*w - 2. Suppose -2*u = -q, 4*q - u + 18 = -w*u. Calculate 